e thousands digit of 2040?
2
What is the tens digit of 616517?
1
What is the thousands digit of 330118?
0
What is the units digit of 499177?
7
What is the thousands digit of 1650108?
0
What is the hundred thousands digit of 847512?
8
What is the ten thousands digit of 220376?
2
What is the units digit of 275884?
4
What is the thousands digit of 1448027?
8
What is the hundred thousands digit of 9002941?
0
What is the thousands digit of 200548?
0
What is the millions digit of 1028283?
1
What is the units digit of 5912908?
8
What is the millions digit of 3455787?
3
What is the ten thousands digit of 42203?
4
What is the millions digit of 3241942?
3
What is the tens digit of 11676935?
3
What is the millions digit of 17512860?
7
What is the tens digit of 2520877?
7
What is the tens digit of 17347271?
7
What is the units digit of 536992?
2
What is the tens digit of 1628714?
1
What is the hundreds digit of 6991099?
0
What is the hundreds digit of 295665?
6
What is the hundred thousands digit of 16086363?
0
What is the tens digit of 978400?
0
What is the ten thousands digit of 673477?
7
What is the tens digit of 97365?
6
What is the hundreds digit of 6559753?
7
What is the hundreds digit of 771408?
4
What is the ten thousands digit of 3577941?
7
What is the thousands digit of 6395370?
5
What is the hundreds digit of 1078972?
9
What is the hundred thousands digit of 866368?
8
What is the hundreds digit of 68950?
9
What is the thousands digit of 870687?
0
What is the thousands digit of 1347656?
7
What is the ten millions digit of 25269447?
2
What is the hundred thousands digit of 2122791?
1
What is the ten thousands digit of 4053081?
5
What is the ten thousands digit of 211069?
1
What is the tens digit of 20628614?
1
What is the units digit of 1215773?
3
What is the ten thousands digit of 626064?
2
What is the tens digit of 10349956?
5
What is the millions digit of 9672538?
9
What is the units digit of 8381520?
0
What is the hundred thousands digit of 12579911?
5
What is the hundreds digit of 2987946?
9
What is the thousands digit of 10645252?
5
What is the thousands digit of 309917?
9
What is the tens digit of 236274?
7
What is the thousands digit of 1277438?
7
What is the tens digit of 25298?
9
What is the hundred thousands digit of 406448?
4
What is the hundred thousands digit of 3156609?
1
What is the hundreds digit of 116814?
8
What is the units digit of 41722?
2
What is the units digit of 1441709?
9
What is the thousands digit of 5348965?
8
What is the thousands digit of 109666?
9
What is the units digit of 468049?
9
What is the ten thousands digit of 4104361?
0
What is the hundred thousands digit of 11725260?
7
What is the millions digit of 13431628?
3
What is the tens digit of 43647?
4
What is the hundreds digit of 3337453?
4
What is the tens digit of 5686928?
2
What is the ten thousands digit of 1126233?
2
What is the tens digit of 5954802?
0
What is the ten thousands digit of 216118?
1
What is the units digit of 4849385?
5
What is the thousands digit of 19796889?
6
What is the thousands digit of 23319797?
9
What is the hundred thousands digit of 881183?
8
What is the units digit of 3865038?
8
What is the hundreds digit of 1184226?
2
What is the tens digit of 41805229?
2
What is the hundred thousands digit of 1765821?
7
What is the ten thousands digit of 6398150?
9
What is the millions digit of 1662591?
1
What is the units digit of 20012234?
4
What is the thousands digit of 444805?
4
What is the thousands digit of 558675?
8
What is the hundreds digit of 218481?
4
What is the millions digit of 2140987?
2
What is the tens digit of 16659297?
9
What is the thousands digit of 682836?
2
What is the millions digit of 14410592?
4
What is the hundreds digit of 3461052?
0
What is the ten thousands digit of 412759?
1
What is the ten thousands digit of 73924?
7
What is the units digit of 724240?
0
What is the ten thousands digit of 7931174?
3
What is the thousands digit of 1565185?
5
What is the hundred thousands digit of 18601372?
6
What is the hundred thousands digit of 27179051?
1
What is the ten thousands digit of 15384?
1
What is the tens digit of 11912030?
3
What is the millions digit of 12360961?
2
What is the thousands digit of 731367?
1
What is the hundreds digit of 14442154?
1
What is the hundreds digit of 911233?
2
What is the units digit of 242067?
7
What is the hundreds digit of 4228211?
2
What is the thousands digit of 40307?
0
What is the units digit of 18997924?
4
What is the thousands digit of 699810?
9
What is the tens digit of 68832?
3
What is the units digit of 93320?
0
What is the hundred thousands digit of 374252?
3
What is the units digit of 38632?
2
What is the hundreds digit of 977752?
7
What is the units digit of 73611?
1
What is the tens digit of 1073259?
5
What is the ten millions digit of 27447227?
2
What is the ten millions digit of 12524306?
1
What is the thousands digit of 4625474?
5
What is the hundred thousands digit of 291156?
2
What is the units digit of 674815?
5
What is the hundreds digit of 491763?
7
What is the hundreds digit of 24219837?
8
What is the thousands digit of 5444296?
4
What is the ten thousands digit of 358073?
5
What is the hundreds digit of 83082?
0
What is the tens digit of 230422?
2
What is the hundred thousands digit of 10843733?
8
What is the tens digit of 131441?
4
What is the units digit of 362584?
4
What is the thousands digit of 79213?
9
What is the millions digit of 27806711?
7
What is the thousands digit of 10619321?
9
What is the hundred thousands digit of 209826?
2
What is the thousands digit of 209252?
9
What is the thousands digit of 324968?
4
What is the hundreds digit of 117475?
4
What is the hundred thousands digit of 964613?
9
What is the hundred thousands digit of 142603?
1
What is the units digit of 2929999?
9
What is the thousands digit of 7298595?
8
What is the thousands digit of 567494?
7
What is the ten thousands digit of 162034?
6
What is the hundred thousands digit of 3458674?
4
What is the millions digit of 7019746?
7
What is the units digit of 1268612?
2
What is the hundreds digit of 273917?
9
What is the hundreds digit of 6178798?
7
What is the thousands digit of 165036?
5
What is the hundreds digit of 33160815?
8
What is the tens digit of 8815216?
1
What is the units digit of 163865?
5
What is the hundred thousands digit of 16736060?
7
What is the thousands digit of 91536?
1
What is the hundreds digit of 1987844?
8
What is the tens digit of 9356064?
6
What is the hundreds digit of 540113?
1
What is the ten thousands digit of 240509?
4
What is the hundreds digit of 409321?
3
What is the millions digit of 1315195?
1
What is the thousands digit of 1174531?
4
What is the tens digit of 4858353?
5
What is the tens digit of 346200?
0
What is the thousands digit of 979299?
9
What is the hundreds digit of 3340217?
2
What is the tens digit of 264794?
9
What is the thousands digit of 9573741?
3
What is the units digit of 35505227?
7
What is the hundred thousands digit of 3831995?
8
What is the hundreds digit of 3370764?
7
What is the hundred thousands digit of 7028734?
0
What is the ten thousands digit of 616505?
1
What is the thousands digit of 59383?
9
What is the units digit of 474506?
6
What is the ten thousands digit of 4427803?
2
What is the millions digit of 18489395?
8
What is the ten thousands digit of 470492?
7
What is the ten thousands digit of 1603634?
0
What is the hundred thousands digit of 456503?
4
What is the hundred thousands digit of 4366731?
3
What is the hundreds digit of 656531?
5
What is the units digit of 558899?
9
What is the hundred thousands digit of 3059080?
0
What is the hundreds digit of 31439?
4
What is the millions digit of 1608989?
1
What is the tens digit of 170191?
9
What is the tens digit of 117695?
9
What is the ten thousands digit of 3609567?
0
What is the hundreds digit of 100389?
3
What is the units digit of 40725505?
5
What is the ten thousands digit of 8609608?
0
What is the tens digit of 7159828?
2
What is the hundred thousands digit of 1182183?
1
What is the tens digit of 2429929?
2
What is the tens digit of 1222196?
9
What is the units digit of 92009?
9
What is the units digit of 551754?
4
What is the ten thousands digit of 6151626?
5